-5*f = d. What are the prime factors of o?
2, 43
Let d(q) = 2*q**3 - 1. Let y be d(2). Let f be 16/20*(-5 + y). Let u(l) = -l**3 + 10*l**2 - 9*l + 19. What are the prime factors of u(f)?
3, 5
Let i be (4 - (-68928)/(-56)) + (-1)/7. Let u = i + 1950. List the prime factors of u.
3, 241
Let a(q) = 34*q**2 + 7*q + 32. List the prime factors of a(-5).
7, 11
Let g(t) = -t**3 - 60*t**2 - 69*t - 368. What are the prime factors of g(-63)?
2, 13, 47
Suppose 0 = 11*d + 512 + 148. Let r = 127 - d. What are the prime factors of r?
11, 17
Suppose 24*g - 277640 = -20*g. List the prime factors of g.
2, 5, 631
Suppose 5*g - s = -3*s - 63, -2*s - 19 = g. Let a = g + 14. Suppose -a*m + 261 = q, -q + 89 = m - 0*m. What are the prime factors of m?
2, 43
Let d be (-12)/4*((-196)/12 + 3). List the prime factors of 0 - (-45975)/d - (-15)/(-40).
3, 383
Suppose -92*f = -24*f - 596360. What are the prime factors of f?
2, 5, 877
Let d = 44567 - 31604. List the prime factors of d.
3, 29, 149
Let a be 39972/90 + 8/(-60). Suppose -449*f + a*f = -3065. List the prime factors of f.
613
Let y = -16290 + 43755. What are the prime factors of y?
3, 5, 1831
Suppose 23 = 8*x + 79. Let v(n) = n**2 + 3*n - 26. Let m be v(x). Suppose 5*c - m*j = 331, -8*c + 3*c = -4*j - 337. List the prime factors of c.
5, 13
Let h(v) = -8*v + 44. Let n be h(5). List the prime factors of -1*(2 + n) - -221.
5, 43
What are the prime factors of 184072/38 + (-36)/(-2)?
2, 11, 13, 17
Let s(u) = -2*u + 9. Let b be s(4). Suppose 0 = g - 5 - b. Suppose 39 = -g*h + 651. List the prime factors of h.
2, 3, 17
Let l(g) = 2*g + 1. Let f(s) = 6*s + 8. Let x(n) = 4*f(n) - 44*l(n). List the prime factors of x(-4).
2, 61
Suppose 0 = -5*n + 3*x - 20, x = 2*n + 1 + 6. Let t be 4 - ((-1)/n*4 + -2). Suppose 30 + 12 = t*g. What are the prime factors of g?
3, 7
Let r(y) = -7*y - 93. Let p be r(-18). List the prime factors of p/(-55) - (-2 - (-3606)/(-10)).
2, 181
Let c(k) = 1556*k**2 - 52*k - 145. List the prime factors of c(-3).
5, 2803
Suppose 5*s + 6 = 286. Suppose -2*q - 2 = -s. List the prime factors of q.
3
Suppose 4*l - o - 99254 = 0, -2*o - 15627 = l - 40427. List the prime factors of l.
2, 6203
Suppose -2405063 - 292808 = -214*s - 373617. List the prime factors of s.
10861
Suppose 5*b + c = 0, -b = -0*c + 4*c + 19. Let a be b + -4 + 5 + 5. Suppose a*w = 14*w - 1960. What are the prime factors of w?
2, 5, 7
Let p be (-459)/(-3)*(-696)/(-36). Suppose 153*y - 150*y = p. What are the prime factors of y?
2, 17, 29
Let t(p) = 2*p**2 - 10*p + 11 + 4*p - 5*p**2 + p**3. Let j be t(6). Let n = j + -34. What are the prime factors of n?
7
Suppose -400*h = -405*h + 113435. List the prime factors of h.
7, 463
Let x(p) = p**2 - 19*p + 72. Let j be x(14). Suppose 2*i = 4*l + 1030, -j*l - 1911 = -5*i + 704. List the prime factors of i.
3, 5, 7
Suppose -5*j + 872 = -313. Suppose -2*l + l + j = -4*m, -l = -3*m - 239. What are the prime factors of l?
5, 7
What are the prime factors of 3 + 30916 - (15 + 5)?
11, 53
Let c = -20 + 43. Suppose -5*w + c = y, y - w + 10 = 3*y. Suppose 0 = 5*q + 5*k - 45, -3*q - k = y*k - 29. What are the prime factors of q?
7
Let v(l) = 1181*l**2 - 45*l + 22. What are the prime factors of v(-3)?
2, 5393
Let q(a) = 8*a**2 - 53*a - 108. List the prime factors of q(46).
2, 3, 17, 47
Suppose 2*c - 209 = 1. Let w = -99 + c. Let o(n) = n**2 + n - 10. What are the prime factors of o(w)?
2
Let r = 124 - 53. Let s = r + 360. List the prime factors of s.
431
List the prime factors of 151124/22 + 24/(-88).
6869
Suppose -5*o + 698 = -3*s, s + 2*o = 7*o - 226. What are the prime factors of (s/(-5))/(3/15)?
2, 59
Suppose -q - 5*c + 1 = 11, -c - 2 = 4*q. Suppose -5*o + 2047 - 17 = q. What are the prime factors of o?
2, 7, 29
Suppose 3*k - 761 = -5*j + 59, -5*j = -2*k + 530. Let q = k + -241. What are the prime factors of q?
29
Let h = -829 - -1164. Suppose 369 = -4*f - h. Let d = -119 - f. List the prime factors of d.
3, 19
Suppose -2*d - 128*b + 130*b = -17380, 8708 = d + 2*b. List the prime factors of d.
2, 1087
What are the prime factors of ((-330609)/(-2284))/(1/88)?
2, 3, 11, 193
Let f = -368 + 688. List the prime factors of 5 + (f - 5) - 1.
11, 29
Let m = 3956 + 7585. What are the prime factors of m?
3, 3847
Let m(z) = -z**3 - 6*z**2. Let p be m(0). Suppose p = 3*f - 78 - 1113. What are the prime factors of f?
397
Suppose 17*l = 4*l + 5265. Suppose -i - v = 2*i - 1211, i - l = v. List the prime factors of i.
2, 101
Let j be ((-342)/(-399))/(2/3052). Suppose j*v - 1311*v + 1800 = 0. What are the prime factors of v?
2, 3, 5
Suppose 5*q + l - 61491 = 0, 35*q + 3*l = 30*q + 61483. List the prime factors of q.
7, 251
Let s(r) = -4*r**3 - 4*r**2 + 2*r - 13. Let h be s(-6). Let v = 1202 - h. What are the prime factors of v?
3, 13
Let h(f) = -f**3 + 19*f**2 - 5*f - 19. Let y = -196 + 213. List the prime factors of h(y).
2, 3, 79
Suppose -97*t + 1278795 = 49*t - 13*t. List the prime factors of t.
3, 5, 641
Let t(f) = -52*f - 9. Let y be t(-1). Suppose -y*a + 48*a + 220 = 0. List the prime factors of 3 - (3/(-6))/((-2)/a).
2, 7
Suppose m - 4*y - 3940 = -2*m, -m + 1295 = -5*y. List the prime factors of (2 + 1)*m/40.
3, 11
Let s = 32 + -28. Suppose -13 - 11 = -s*k. Suppose -4*y + 328 = k*o - o, 2*o + 2*y - 132 = 0. What are the prime factors of o?
2
Let c be 14*(153/18 + -8). Let w(v) = v**3 - 9*v**2 + 0*v**2 + 9*v + 2*v**2. What are the prime factors of w(c)?
3, 7
Let m be (1 - (-5 - 4))/(2/(-4)). Let z be (m - 0)*(-1)/2. List the prime factors of 15/z - -6*(-279)/(-12).
3, 47
Let x = 414 + -409. Suppose 5*r - 2187 = -3*b, -6*r + 11*r - x*b = 2155. List the prime factors of r.
3, 5, 29
Let g(u) = -14*u + 20. Let a be g(-10). Suppose -5*w = a + 105. Let m = w - -63. What are the prime factors of m?
2, 5
Suppose -4*z - 435 - 285 = 0. Let y = z - -193. List the prime factors of y.
13
Let j be -2*-26*5/20. Suppose -18 = j*b - 19*b. Suppose -b*t = 5*q - 904, -10 - 168 = -q - 2*t. What are the prime factors of q?
2, 7, 13
Let r(p) = -19*p - 58. Let l be r(-7). Let f = l - 31. List the prime factors of f.
2, 11
Let w(c) = 98*c**3 - 21*c**2 + 63*c - 7. List the prime factors of w(5).
3, 7, 191
Let k(n) = -n**3 + 133*n**2 + 303*n + 889. List the prime factors of k(135).
2, 167
Let x(q) = -1308*q - 2475. List the prime factors of x(-13).
3, 29, 167
Suppose 17*l - 2*a + 2817 = 20*l, -4*a + 939 = l. Suppose -3*j + l = 234. What are the prime factors of j?
5, 47
Let u = 534 + 189. Suppose 5*w = -5 + 10, 2*m = w + u. What are the prime factors of m?
2, 181
Suppose 7*x + 9 = 4*x, -5*n + 2922 = x. Suppose -670 = n*z - 590*z. What are the prime factors of z?
2, 67
Let k = 168 + -141. Suppose 4459 = k*t - 20*t. What are the prime factors of t?
7, 13
Suppose -685*w + 677*w + 15632 = 0. List the prime factors of w.
2, 977
Let b(s) = 6*s**2 + 28*s - 66. Suppose 79*r = 76*r + 33. What are the prime factors of b(r)?
2, 11
Let x(r) = 108*r + 5 + 7 + 22 - 7. Let c(w) = 36*w + 9. Let a(o) = 8*c(o) - 3*x(o). List the prime factors of a(-3).
3, 11
List the prime factors of ((-576163)/(-35))/((-12)/16 + (-19)/(-20)).
53, 1553
Let v = -27 - -18. Let d(b) = b + 1. Let m(a) = 2*a**2 + 26*a + 23. Let h(w) = 4*d(w) - m(w). List the prime factors of h(v).
17
What are the prime factors of (8 - 6) + 1420 - -9?
3, 53
Suppose w = -926*q + 921*q + 21539, -5*q + 4*w + 21519 = 0. List the prime factors of q.
59, 73
Let g be 1/(-12)*-4 + (-350)/(-21). Suppose -1098 = -g*q + 3203. List the prime factors of q.
11, 23
Let b(l) = -l**3 - 33*l**2 - 125*l - 16. What are the prime factors of b(-38)?
2, 43, 139
Suppose -61899 - 62337 = -17*y. List the prime factors of y.
2, 3, 7, 29
Let t be 6/4 - (-3276)/(-56). Let m = t - -56. List the prime factors of 555/(-5)*m/(-2)*-2.
3, 37
Let n be ((-18)/(-27))/(2/12). Suppose f + 587 = 4*f + n*d, 4*f + 2*d = 786. What are the prime factors of f?
197
Let p(r) = -27 - r**3 + 0*r**3 + 20*r**2 + 27*r + 2*r**3. Let h be p(-12). Let z = h + -534. List the prime factors of z.
3, 89
Suppose -76*h - 4475975 = -251*h. What are the prime factors of h?
25577
Suppose -5*b + 23 = 3*n, b = 4*b - 2*n - 10. Suppose 5*a + 2*m - 29 = b*m, 2*m = -2*a + 6. List the prime factors of 1 + 86 + a + (6 - 11).
3, 29
Suppose -16*t - t + 34 = 0. What are the